- (-24)/(-18)*-3. Suppose -25*i + 83670 = z*i. Is i composite?
False
Let l(d) = -5837*d + 170. Let g(b) = -5838*b + 170. Let m(a) = 6*g(a) - 5*l(a). Is m(-9) prime?
True
Let c(r) = r**3 + 16*r**2 - r - 5. Let m = -38 - -42. Suppose z - m*x + 2 = 1, -2*z - 8 = -5*x. Is c(z) a prime number?
True
Let m = 335 - -6570. Let h = m - -10259. Is (h/42)/((-2)/(-3)) a composite number?
False
Let z(l) = 125*l + 20 - 1 + 11. Is z(13) composite?
True
Suppose 6*o - 4*r = 179674, r - 23485 = -o + 6464. Is o a prime number?
True
Suppose c + d + 4*d - 411 = 0, 2*d = 0. Let o = 3930 - 4150. Let q = c + o. Is q prime?
True
Let b(u) = -493*u**3 - 7*u**2 + 2*u + 67. Is b(-6) a composite number?
False
Suppose -146*k + 2612106 = -283*k + 155*k. Is k a prime number?
False
Let d be (-35)/(-14) + -3 + (-27)/(-2). Suppose d*p = 14*p - 40. Is (56/p)/((-2)/(-670)) composite?
True
Let d = 12123 - 7287. Let k be 2896 - (-2 + 7)/(-5). Let o = d - k. Is o a composite number?
True
Let u(b) be the second derivative of 13*b**3/3 + 43*b**2/2 + 49*b. Is u(14) composite?
True
Suppose 18*p - 10710244 - 4122890 = 0. Is p a prime number?
True
Suppose 5*y + 3*z + 355 = 0, 181 = -5*y - z - 184. Let i = 40 - y. Suppose 5*h = t - i - 39, -2*t - 5*h = -336. Is t a composite number?
False
Let t(m) = 99*m**2 + 8*m - 21. Let c be t(-10). Let w = -6980 + c. Is w composite?
False
Let t(f) = 191*f**2 + 2*f - 4. Let z = 92 + -95. Is t(z) a composite number?
False
Suppose -n - 3*n + 68645 = h, 3*n - 274528 = -4*h. Suppose 16*f = 5*f + h. Is f prime?
False
Let d(g) = -1651*g - 220. Let p be d(-12). Suppose -9*i = -p - 3097. Is i composite?
False
Let o(h) = 42 + 26 - 44 + 29 + 10*h - 4*h + 257*h**2. Is o(-10) prime?
True
Let h be 8 + (6 - 19) + 61045. Is 3/(21/h) - 6 composite?
True
Let v(h) = -1121*h**3 + 3*h**2 + 6*h + 17. Let a = -319 - -316. Is v(a) prime?
True
Let o(v) = 5*v - 2. Let f be o(1). Let s be 81 + -2 - (f - 2). Is (260/s)/((-4)/(-822)) a composite number?
True
Let d(k) = k + 18. Let t be d(-7). Let q be 6/(-18)*1 + (-349)/(-3). Let c = t + q. Is c composite?
False
Is ((-2)/(-8))/(-5*6/(-18926520)) composite?
False
Let p(y) = 11 - y - 10*y**3 + y**2 - 20*y - 10*y**2 - 24. Is p(-6) a composite number?
False
Let h = 40 + -38. Suppose -t + 3*r = -h*t + 10, 2*r = 5*t - 84. Suppose -t*s + 19*s = 5847. Is s prime?
True
Let z be (-1 - 0)*-1*-643. Suppose -4*m - 2036 = -5660. Let l = z + m. Is l composite?
False
Let k = 176911 - -31188. Is k composite?
False
Let u(s) = 27*s**2 - 11*s - 25. Let c be u(-8). Let w = c + -436. Is w a prime number?
False
Let h be 1*3377 - (-1)/(-1). Let c = -2007 + h. Is c prime?
False
Suppose -4*z + 449007 = 3*j, 4*j - z - 906506 = -307811. Is j composite?
True
Let g = 3241 - 1606. Suppose -g = -3*s + 342. Suppose -5*u = 5*r - 2496 - s, -r - 3*u + 631 = 0. Is r prime?
True
Suppose a - 2*o + 9212 = -2*a, 4*o - 16 = 0. Let p = -1356 - a. Suppose 5*t - 3970 = 3*v, 4*v - 110 = 2*t - p. Is t a composite number?
True
Suppose 10*f + 396842 = 4184461 + 3199011. Is f prime?
False
Suppose 10 + 11 = 3*r. Suppose 3*u - 14881 = -r*p + 3*p, u + 4*p - 4947 = 0. Is u a composite number?
False
Let u(r) = 2*r**2 - 17*r + 22. Let y be u(6). Let t be (y/3)/((-50)/75). Is (-1)/t + 7029/4 prime?
False
Suppose 2*d + 1383 + 1421 = 0. Let c(o) = -2630*o - 31. Let i be c(1). Let k = d - i. Is k prime?
True
Suppose 2*m + 14 = 4*c, -3*c + 16 = 5*m - 14. Suppose -m*d + 435 + 790 = 2*b, 0 = 2*d - b - 819. Let a = -92 + d. Is a prime?
True
Let u(b) = b**3 + 27*b**2 - 57. Let g be u(-27). Is g/38*17848/(-12) prime?
False
Let y(x) = 121*x + 32. Let u = -6 - -12. Let c be y(u). Suppose -5*w - c = -6*w. Is w prime?
False
Is ((-27)/(-108))/(3/514164) composite?
True
Let a(q) = -q**2 - 16*q + 21. Suppose 0 = 33*l - 31*l + 34. Let w be a(l). Is (3 - -26)*5 + w a composite number?
False
Let o = 13914 - 1216. Suppose 5*b = 43227 + o. Is b prime?
False
Let d = -468 - -474. Is 291568/56 + d/14 composite?
True
Let o = 24 + -30. Let p(q) be the second derivative of -5*q**3 + 7*q**2/2 - 7*q - 6. Is p(o) a composite number?
True
Let c be ((-2)/3*(-75)/(-10))/1. Let s(z) = -z**3 - 3*z**2 + 15*z + 23. Let w be s(c). Is w*(-2)/8*3734 prime?
True
Let s = 203410 - -34237. Is s prime?
False
Let h(d) = 2*d**2 + 11*d - 151. Let k be 9/6*((-2304)/(-27))/4. Is h(k) a prime number?
False
Let u = 17408 - -174249. Is u a prime number?
True
Let n = -409 - -400. Let i(w) = -w**2 - 4*w + 8. Let q be i(-5). Is (-1543)/(-3) + 21/n + q a composite number?
True
Let r be (1723 - (0 - -1))/((-146)/(-876)). Let z = r - 6245. Is z prime?
False
Suppose 744922 = 21*n - 829161 - 222446. Is n prime?
True
Is ((-44035220)/(-105) - (-4)/14) + (-13)/39 a prime number?
True
Let k(r) = -248*r**2 + 12*r + 51. Let d be k(-6). Let j = -3910 - d. Is j composite?
False
Let p(j) = 435*j**2 - 109*j - 619. Is p(34) a composite number?
True
Suppose 87*r - 17*r - 28039130 = 0. Is r prime?
True
Suppose -3*a = -5*v - 4094, -905 = -2*v + 5*a - 2535. Let q be 26/(4/(-6) + 0). Let c = q - v. Is c composite?
True
Suppose 3*u + 3*c = 222, -182 = -3*u + 2*c + 3*c. Let b = u + -62. Suppose 0 = -6*a + b*a - 187. Is a composite?
True
Let p = 13278 + -481. Is p composite?
True
Let b(m) = -m**2 - 11*m + 2. Let j be b(-11). Suppose j*k = 8*k - 19326. Is k a composite number?
False
Let v(b) be the second derivative of b**5/20 + 5*b**4/3 + 2*b**3 - 5*b**2 + 51*b + 1. Let i(z) = z**3 + 8*z**2 - 8*z - 5. Let w be i(-9). Is v(w) prime?
False
Suppose 5*p + 33*w = 28*w + 584245, 2*p = 3*w + 233678. Is p a composite number?
True
Suppose -4*w - 2*g + 0*g + 18 = 0, -5*w + 2*g = -9. Suppose -28 = -3*z - w*b - 7, -b = 2*z - 10. Suppose 1262 = z*a - 109. Is a a prime number?
True
Let b(i) = 375*i**2 - 16*i - 131. Is b(8) a composite number?
False
Let m(g) = -2*g - 7. Let z be m(-5). Suppose -3*a - 2*a - 5*d + 15 = 0, -5*d + 9 = z*a. Suppose i - 2*s = 899, 3*i + a*s + 895 = 4*i. Is i composite?
False
Suppose 0 = z - 3, 5*t - 199217 - 12197 = -3*z. Is t a prime number?
True
Let d(b) = -b**3 - 5*b**2 - 2*b - 4. Let u be d(-5). Let i = 21 + -23. Is (i/4*991)/((-3)/u) a composite number?
False
Let y = -4393 + 7429. Suppose -2*k + y + 3088 = 0. Is k composite?
True
Let f be (8/6)/(2/2160). Let s be (-20148)/(-27) - (-8)/(-36). Let c = f - s. Is c a composite number?
True
Let o be (-1585320)/(-15) + (2 - 1) + 0. Suppose 5*x - o = 2*x - 2*d, 3*d = -x + 35218. Is x a composite number?
True
Suppose 2668551 = 40*i + 411631. Is i prime?
False
Let w(y) = -10*y - 23. Let f be w(-3). Let x(d) = 2*d - 15. Let u be x(f). Is 321 + (2 - 5 - u) prime?
False
Suppose 0 = 3*m - 0*x - 3*x - 1374, 1834 = 4*m - 5*x. Let z = -31 - -38. Suppose m = q + z. Is q a composite number?
False
Let o = -35 + 37. Suppose -3*m - 2*h + 1649 = -o*m, -3*m - 3*h = -4956. Is m prime?
False
Let v = -35 + 42. Let i = 1 + v. Is (6/4)/(i/2864) a prime number?
False
Suppose 352*w = 342*w + 4317790. Is w a composite number?
True
Is 5*7/(-105)*(-5 - (843809 + 5)) prime?
True
Let q be 12/(-5)*(-63800)/(-80). Let x = 4025 + q. Is x a composite number?
False
Suppose 2*k - 42 = -5*b, -6*b + 4*b = -2*k - 14. Suppose 0 = b*t - 6*t - 6854. Is t composite?
True
Suppose 2675*q - 1452045 = 2654*q. Is q prime?
False
Suppose 9*r + 3*y = 4*r + 315029, 5*y - 315025 = -5*r. Is r a prime number?
False
Suppose -4365039 = -30*k + 16*k - 37*k. Is k prime?
False
Let x(g) = g**2 + 11*g + 16. Let o be x(-10). Suppose 9 = f + o. Suppose 714 = i + 4*a - 543, -3707 = -f*i + 4*a. Is i prime?
False
Let y = 941 + -4589. Let k = 5617 + y. Is k prime?
False
Suppose 5*h + 8 = -3*b + 2, 3*b - 4*h - 21 = 0. Suppose -3*w + 5*w = -4, 5*w - 52475 = -b*m. Suppose -24*g + m = -19*g. Is g a composite number?
False
Let c(z) = 7093*z**2 + 93*z - 51. Is c(5) prime?
True
Suppose 3*o = 4*f - 2*o - 1215, 3*o + 609 = 2*f. Suppose -3*y + 7*y = f. Suppose -22 = z - y. Is z composite?
False
Suppose -13*h = -2*h. Suppose -f = -z - h*z + 3066, -5*f = 2*z - 6104. Is z prime?
False
Suppose 2*v - 4 = 28. Let w(x) = 3*x**2 + 3 - v*x + 10 + 23. Is w(11) prime?
True
Let r = -72249 - -111610. Is r a prime number?
False
Suppose 0 = 5*g + 2*g + 37296. Let a = g + 10913. Is a a prime number?
False
Let n(k) = -12*k**2 + 7. Let p be n(4). Is 116069/p*(-5)/1 a composite number?
False
Su